 o be (-56)/(-10) - 4/(-10). Let a(z) = -z**3 + 7*z**2 - 5*z + 2. What is the remainder when 14 is divided by a(o)?
6
Let l(j) = -j**2 + 17*j + 52. Let w(q) = q**3. Calculate the remainder when w(3) is divided by l(19).
13
Let q(s) = -s**3 + 8*s**2 + 22*s - 10. Calculate the remainder when 13 is divided by q(10).
3
Suppose 0 = -7*q + 4*q + 189. Suppose d - 4*x + 8 = 0, -2*x + q = 4*d + x. What is the remainder when 19 is divided by d?
7
Suppose -3*t = -37 + 7. Calculate the remainder when 27 is divided by t.
7
Suppose -2*r + 3*r + 21 = 0. Let g be ((-22)/(-6) + -3)*r. Let l = 14 - g. Calculate the remainder when l is divided by 15.
13
Let u(z) = -9*z. What is the remainder when u(-6) is divided by 14?
12
Suppose -2*p + 2*z = -12, p = 6*p + 3*z - 22. Let f(h) = -h**2 + 8*h - 4. What is the remainder when f(p) is divided by 6?
5
Suppose -5*j = -g - 11, -5*j + 3*g + 19 = 4*g. Let b be -9*j/(-3 - -12). Let d(i) = -9*i + 1. Calculate the remainder when d(b) is divided by 15.
13
Let r(u) = u**2 + u + 3. Let o = -133 - -137. Calculate the remainder when o is divided by r(0).
1
Suppose -2*x + 3*q = -10 + 51, -5*x + 3*q - 80 = 0. Let w = 24 + x. Calculate the remainder when 42 is divided by w.
9
Let x = -52 + 58. Calculate the remainder when x is divided by 3.
0
Suppose -4 = -4*y, 5 = -p + 4*y + 3. Suppose -2*u = -3*u + 4. Suppose 0 = k - u + p. Calculate the remainder when k is divided by 2.
0
Let q(z) = -z**2 - 12*z - 22. What is the remainder when 68 is divided by q(-3)?
3
Suppose 2*g = y + 29, g - 6*g - 2*y + 77 = 0. Calculate the remainder when g is divided by -1*(-1 + -1 + -4).
3
Let g = 25 - 8. Calculate the remainder when 66 is divided by g.
15
Suppose 9*n - 141 = 210. What is the remainder when n is divided by 6?
3
Let j be (80 - 2)*1/3. Suppose -5*s = -4*w - 4*s + 29, 4*s + j = w. Calculate the remainder when 17 is divided by w.
5
Suppose -5*v + 2 = -3. Suppose 0 = 5*o - 16 + v. Calculate the remainder when 170/25 - (-2)/10 is divided by o.
1
Let s(t) = 2*t**2 + 7*t - 4. Calculate the remainder when 25 is divided by s(-5).
3
Let u(n) = 2*n**2 + 7*n + 7. What is the remainder when u(-7) is divided by 12?
8
Let i = -3 - 0. Let p(a) = -3*a + 3. What is the remainder when (187/44)/(1/8) is divided by p(i)?
10
Suppose 3*q = 86 + 55. What is the remainder when q is divided by 12?
11
Suppose -16 = 4*g + 24. Let u = g - -14. Calculate the remainder when 10 is divided by u.
2
Suppose 2*r - 65 = -3*r. Let h = -42 + 24. Let s = h + 25. Calculate the remainder when r is divided by s.
6
Suppose 0 = -2*l + 4*d + 100, 0 = -2*l - 2*d + 3*d + 91. Calculate the remainder when 128 is divided by l.
40
Let q(b) = -b**2 + 2*b**2 - 1 + 19*b**2 - b. Let a = -10 + 9. Calculate the remainder when q(a) is divided by 11.
9
Suppose -3*p + 1 = -4*i - 5, -p + i = -1. Let v = 1 - p. Suppose -v*d + 2 = -0*u + 2*u, 0 = -2*d - 8. Calculate the remainder when 19 is divided by u.
5
Suppose 159 = 4*y - 3*y. Calculate the remainder when y is divided by 32.
31
Let u(o) = -43*o**3 - 2*o**2 + o + 2. Calculate the remainder when 81 is divided by u(-1).
39
Suppose 14*q + 36 = 20*q. Calculate the remainder when 46 is divided by q.
4
Let i(h) = 1 - h - 2*h + 0. Let m be i(-3). Calculate the remainder when 24 is divided by 135/m - 2/4.
11
Suppose w - 6*w = -425. What is the remainder when w is divided by 22?
19
Suppose 98 = -3*b + 5*b. What is the remainder when b is divided by 15?
4
Suppose -6*k + 10 = -5*k. Calculate the remainder when 37 is divided by k.
7
Let h be (3*-1)/(-3) + 0. Let w be h/(-2) - (-39)/6. What is the remainder when 59 is divided by ((-16)/(-10))/(w/75)?
19
Suppose 4*p = 5*p - 9. Calculate the remainder when 42 is divided by p.
6
Let f = 3 + 3. Suppose -2*n - f = 0, 2*i - 3*n = 4*i - 7. What is the remainder when i is divided by 3?
2
Suppose 2*n = -0*y + y + 141, -n = 5*y - 76. Let i(o) = 17*o**2 + o. What is the remainder when n is divided by i(1)?
17
Let s(h) = 17*h**2. Let c be s(-1). Let b = c - -16. Suppose 2*m = -3*v + 40, -2*m - 4*v - 4 = -46. Calculate the remainder when b is divided by m.
16
What is the remainder when 528/4 - (2 - 0) is divided by 33?
31
Calculate the remainder when 42/7 + -6 - -58 is divided by (3*-1)/((-2)/10).
13
Suppose 11 = -5*c + 96. Let d be (-2*37 + 0)*-1. Calculate the remainder when c is divided by d/12 + (-5)/30.
5
Suppose -i = 3*r + 7, -r + 4*i + 2 = -0*r. Calculate the remainder when (3 + 1)/(-1 - r) is divided by -4 - -8 - (2 - 0).
0
Suppose 0*a - 5*d = 4*a - 5, -2*a + d + 13 = 0. Suppose a*h = 7*h - 12. What is the remainder when h is divided by 4?
2
Let g(p) = 20*p - 1. What is the remainder when g(1) is divided by 3?
1
Let o = 36 - 4. Let k be (-707)/(-21) + (-4)/6. Suppose 10*i = 7*i + k. What is the remainder when o is divided by i?
10
What is the remainder when (3/(-1))/((-1)/27) is divided by 21?
18
Calculate the remainder when (-4)/(-34) + (-4344)/(-68) + 5 is divided by 18.
15
Let k = 24 - 11. Calculate the remainder when 50 is divided by k.
11
Let t = 4 + 0. Suppose -3*y + 4*c = -166, t*y + 0*y + c = 196. What is the remainder when y is divided by 13?
11
Suppose 2*q + 5*m = 42, 4*q + 2*m - 23 = 3*q. Calculate the remainder when q is divided by 17.
14
Suppose 6*b - 2*b + 4 = 0. Let c = b - -10. Let j(l) = 2*l + 4. Calculate the remainder when j(6) is divided by c.
7
Calculate the remainder when 55 is divided by -30*((-2 + 1)*2)/4.
10
Let w(m) = -4*m - 2. Let p be w(-3). Let i = -4 + p. Calculate the remainder when 14 is divided by i.
2
Suppose -d + 400 = 4*i, -2*i - 2*d = -d - 198. What is the remainder when i is divided by 17?
16
Let z(k) = -2*k + 12. Suppose -2 = -w + 4*g, 5*g - 2 = 6*w - 4*w. Calculate the remainder when 94 is divided by z(w).
22
Let t(l) = -2*l - 70. Let v be t(0). Calculate the remainder when 8 is divided by (-42)/v*10/2.
2
Let i = -12 + 33. Let v(h) = h + 50. Calculate the remainder when v(12) is divided by i.
20
Let g(l) = l**3 + 5*l**2 - 4*l - 6. Suppose 10 = z - p, z + p = -4*p - 2. What is the remainder when g(-5) is divided by z?
6
Suppose 0*g + 3 = -3*g. Let k(r) = -r**2 - 4*r + 1. Calculate the remainder when (-1 - 11)*g/2 is divided by k(-3).
2
Let l(d) = 4*d - 5. Calculate the remainder when 28 is divided by l(4).
6
Let d(y) = -y**2 + 5*y - 4. Let i be d(3). Calculate the remainder when (-18)/(8/((-8)/i)) is divided by 3.
0
Suppose 0 = -8*r + 275 + 277. Calculate the remainder when r is divided by 19.
12
Let u(k) = -k**3 - 4*k**2 - 4*k - 3. Let g be u(-2). Suppose -j - 31 = -5*w - 0*j, 0 = -2*w - j + 11. Calculate the remainder when 4 is divided by (0 - w/9)*g.
0
Let q(i) = 0*i**3 + 3*i**2 + 2*i - 3 + 1 - i**3. Calculate the remainder when 27 is divided by q(-2).
13
Let n be (-2 + -1)*(-6)/9. Suppose 0 = -n*p - 2*p + 44. What is the remainder when 43 is divided by p?
10
Suppose 5 + 7 = 2*y. Suppose -f + 2*d = -39, -4*f + 5*d = -y*f + 87. What is the remainder when f is divided by 21?
20
Let d(f) = -f + 12. Let t be d(10). Suppose 2*z - 144 = -t*z. What is the remainder when z is divided by 19?
17
Suppose 0 = -l - y + 26, 9*l - 3*y = 4*l + 98. Let u = l + -16. Suppose 2 = -w + 4. Calculate the remainder when u is divided by w.
0
Suppose -j = -2*j - 1. Let x be (0/j - 0) + 2. Suppose 0 = 3*v + x*v - 70. What is the remainder when 27 is divided by v?
13
Calculate the remainder when (-1)/(2*(-1)/236) is divided by 30.
28
Let v be (4 - -5)/((-1)/(-1)). Let p(f) = -f**2 + 9*f + 2. What is the remainder when 5 is divided by p(v)?
1
Let f(g) = 2*g + 2. Let o be (1 + -5)*(-4)/(-8). What is the remainder when (-31 + 0)*(o + 1) is divided by f(3)?
7
What is the remainder when 19 is divided by ((-20)/6)/((-4)/12)?
9
Let c(y) be the first derivative of 5*y**2 + y - 3. Let n be c(1). Calculate the remainder when 28 is divided by (-1 - -1) + (n - 1).
8
Let s = -2 + 7. Suppose -5*y + 4*a + 4 = -24, 0 = s*y + 4*a - 52. What is the remainder when 22 is divided by y?
6
Let r = 14 - 10. Suppose -4*z + 0*c - 180 = -r*c, 5*z - 4*c = -223. Calculate the remainder when 26 is divided by z/(-5) + 8/20.
8
Let x(i) = -i + 2. Let v be x(-6). Let o = v - 2. What is the remainder when 16 is divided by 1*o + 0/3?
4
Let r(l) = -l**2 + 17*l - 20. What is the remainder when r(12) is divided by 15?
10
Let g(z) = 2*z**